e the prime factors of z?
5, 71
Let m(g) = 18*g**3 - 12*g**2 + 7*g - 37. List the prime factors of m(6).
3461
Suppose 4*p = -3 - 29. Let g be 4/2*4/p. What are the prime factors of (3 - (g + -9)) + 3?
2
Let f be (-3)/(-48)*4 - 2366/(-8). Suppose -4*p - 109 + f = -3*q, 3*q = -2*p + 89. What are the prime factors of p?
2, 23
Let r(f) = -14*f + 142. Let x be r(11). Let b(d) = d**3 + 3*d**2 - 10*d + 3. Let o be b(-7). List the prime factors of o/(-9) + x/(-9).
3, 5
Let q(n) = -n**2 + 8*n - 2. Let s be q(7). Suppose -f - 8 + s = 0. List the prime factors of 8 - (f - (-2 + 0)).
3
Suppose 4*b + 96 = -36. Let k = b - -48. What are the prime factors of -95*(-4 - (-54)/k)?
2, 19
What are the prime factors of (-3)/(-6) - (6297/(-6) + 4)?
2, 523
Let s = 8 + 6. Let j(d) = d + 1. Let f be j(s). Suppose -y - 2*m + f = -0*m, 3*y - 4*m = 35. List the prime factors of y.
13
Let x = -592 + 1025. List the prime factors of x.
433
Let q(r) = r**2 + 3*r + 5. Let b = 16 + -24. List the prime factors of q(b).
3, 5
Let s(l) = 5*l**2 - 12*l - 77. Let z be s(-6). Suppose -4*u - 375 = 3*o, u - 670 = 5*o - 45. Let g = z + o. List the prime factors of g.
2, 5
Let n = 4 - 2. Suppose l - 107 - 29 = -5*v, -5*v - n*l + 132 = 0. List the prime factors of v/(-21)*(-45)/12.
5
Suppose 14*q + 5*y = 13*q + 46, 5*q - 2*y - 95 = 0. What are the prime factors of q?
3, 7
Let y = -2442 + 3726. What are the prime factors of y?
2, 3, 107
Let d = 15 - 30. What are the prime factors of 1/2 + d/(-2)?
2
Let p(j) = 5*j + 10. Suppose 6*c + 3 = 57. What are the prime factors of p(c)?
5, 11
Suppose -411*f - 3704 = -419*f. List the prime factors of f.
463
Let t(i) = i**2 - i - 1. Let a(x) = 2*x**2 - 10*x - 13. Let d(j) = a(j) - t(j). What are the prime factors of d(-7)?
2, 5
Let v(r) = 280*r + 283. What are the prime factors of v(17)?
3, 41
List the prime factors of (4 + -9)*3/(-15)*1894.
2, 947
Suppose 0 = -2*u + 3*u - 43. Let m = u + -21. Suppose 2 = 4*c - m. What are the prime factors of c?
2, 3
Let b be (35 + 0)*224/20. Let t = 230 - b. List the prime factors of ((-22)/(-33))/((-4)/t).
3
Let s be (10 - 8)*14/4. What are the prime factors of s/(-5) - -1 - 574/(-10)?
3, 19
Let l(j) be the second derivative of j**4/12 + j**3/6 + j**2 + 37*j. Let c be ((-2)/4)/((-1)/(-8)). List the prime factors of l(c).
2, 7
Let v(r) be the first derivative of 8*r**3 - r**2/2 + 1. Let k be (4 - 36/8)*-2. List the prime factors of v(k).
23
Let w be -7 + 4*(-4)/(-4). Let l be w/(-6) + 7/2. Suppose 3*z - 237 + 77 = -l*n, -3*z + 86 = 2*n. What are the prime factors of n?
37
Suppose 7*d - 2*d - 15 = 0, -4*d = 4*v + 8. Let a(n) = 3*n**3 + n**3 + 6 + 8*n**2 + 7*n - 3*n**3. List the prime factors of a(v).
2, 23
Suppose 7*p + 5 = 2*p - 3*s, -p = 5*s - 21. List the prime factors of p/20 + 602/10.
2, 3, 5
Let b = 5 + 3. Let j be 3/(10/b + -2). Let c(x) = -x**3 - x**2. List the prime factors of c(j).
2, 3
Suppose 207 = 2*f - 145. Suppose -a + 98 = a - 4*l, -3*l - f = -4*a. Suppose 4*b + a = 5*j - 26, -3*b = -3*j + 39. List the prime factors of j.
3, 5
Suppose -15577 - 27704 = -27*s. What are the prime factors of s?
7, 229
Suppose t + a = 3, -2*a = -3*t - 0*a - 1. Let u(p) = -3*p**3 + 4*p**2 - 3*p + 1. Let l be u(1). Let s = t - l. List the prime factors of s.
2
Let d(x) = -x**2 - 7*x - 7. Let l be d(-5). Suppose 4 + 2 = -3*t, -l*t - 4 = 2*g. What are the prime factors of 27/g - (-9 + 12)?
2, 3
Suppose -2*a = -4*z + 6825 + 11407, 3*z = -2*a + 13660. What are the prime factors of z?
2, 17, 67
Suppose -55 - 138 = 3*f - 4*n, 309 = -4*f - 5*n. Let y = -59 - -14. Let o = y - f. What are the prime factors of o?
2, 13
Let a be (84/(-21))/(1*-2). What are the prime factors of a + 30 - (-8 - -5)?
5, 7
Let q(m) = 9*m**2 - 14*m + 217. What are the prime factors of q(18)?
43, 67
Let m(x) = -x**3 - x**2 - 2*x + 75. Let r be 1/6 + (-3)/18. List the prime factors of m(r).
3, 5
Let g be (-6)/(-21) - 120/(-21). Suppose s + g = 31. Suppose 0*l + l - s = 0. List the prime factors of l.
5
Let p(o) = -o**3 + 14*o**2 - o + 14. Let v be p(10). Let d = -189 + v. What are the prime factors of d?
5, 43
Suppose 15 = 5*n, -33*n - 375 = -m - 28*n. What are the prime factors of m?
2, 3, 5, 13
What are the prime factors of (-114 + 20)/(1 - 138/134)?
47, 67
Let y(v) = -2*v + 18. Let z be y(8). Let i = 30 - z. List the prime factors of i.
2, 7
Let s(u) be the third derivative of 4*u**2 + 0*u + 1/20*u**5 + 0 - 7/24*u**4 + u**3. List the prime factors of s(4).
2, 13
Let u(h) = -h**2 + 2*h + 336. What are the prime factors of u(0)?
2, 3, 7
Suppose 4*z - 576 = -0*z. What are the prime factors of z/3 + (-4)/(-2)?
2, 5
Suppose 0 - 3 = -v. Suppose -2*c + v*z + 0*z = -213, 3*c - 300 = -2*z. List the prime factors of c.
2, 3, 17
Let u(y) be the first derivative of y**2/2 + 11*y - 4. Let v be u(-5). Let r = v + -1. List the prime factors of r.
5
List the prime factors of 2087/6 + (-5)/6 + 1.
2, 3, 29
Let g = -459 + 680. Let f = g - 77. What are the prime factors of f?
2, 3
Suppose f - 8 = 47. Suppose 2*g - 85 = -3*n, -4*n = -4*g + 65 + f. What are the prime factors of g?
5, 7
Let q(o) = -11 + 2 + 14*o**3 - 29*o**3 - 6*o**2 + 14*o**3 + 3*o. List the prime factors of q(-7).
19
Suppose -5545 = -9*m + 4*m. What are the prime factors of m?
1109
Suppose -20 = -3*v + n - 6*n, 5*n - 20 = -v. Let j = 128 - v. List the prime factors of j.
2
Suppose l + 3*w = 3, 4*w = -2*l - w + 7. Let z be ((-9)/l)/(6/56). Let q = 16 + z. What are the prime factors of q?
2
Let b(o) = 3*o + 32. Let r be b(-10). Let n = 1 + 1. Suppose r = -n*g + 50. What are the prime factors of g?
2, 3
Let d(s) = s**2 + 3*s + 6. Let i be d(-2). Suppose -2*j - i*g - 84 = -3*j, 372 = 5*j + 4*g. What are the prime factors of j?
2, 19
Let b(p) = 3*p**3 - 117*p**2 + 59*p - 72. What are the prime factors of b(39)?
3, 743
Let s(f) = -12*f - 1. Let x be s(-1). Suppose -3*o + 122 = b + x, 4*o - 3*b - 148 = 0. What are the prime factors of o?
37
Let j(h) = -6*h**2 + 2. Let d be j(2). Let x be 6/(-27) + d/(-18). List the prime factors of -5*x*(-6 + 2).
2, 5
Let y be ((-98)/77)/(-7) + 878/11. Suppose 4*a = y - 0. What are the prime factors of a?
2, 5
Suppose 2*f - 19 = -11, 3*u - 3*f - 774 = 0. List the prime factors of u.
2, 131
Let i be 24/(-9)*9/(-6). Suppose d - 4*s = -i*d + 297, 4*s = 4*d - 236. What are the prime factors of d?
61
Let i = 7 - 18. Let k = i + 13. Suppose -3*r = 5*h - 47, -k*r = -h + 2*r + 14. What are the prime factors of h?
2, 5
What are the prime factors of 2919/4*136/51 - 2?
2, 3
Let k = 16 - -2. Suppose 0*c = 3*c - k. Let x(h) = 3*h - 3. What are the prime factors of x(c)?
3, 5
Let x = 3 - -2. Suppose 5*a - x = 15. Let h(f) = -f**3 + 6*f**2 - f. List the prime factors of h(a).
2, 7
Let k(y) = 13*y + 613. Let c be k(-43). Let f be ((-4)/6)/((-1)/9). Suppose c = f*r - 3*r. List the prime factors of r.
2, 3
Let v(f) = f + 38. Let w be 4/(-6) + 78/(-27)*-3. List the prime factors of v(w).
2, 23
List the prime factors of (8/20 + (-211)/5)*-5.
11, 19
Let o be 181 + (3 - (-3 + 0 + 7)). Let g = o + 58. What are the prime factors of g?
2, 7, 17
Let g = 82 + -42. Let p = g - 28. Suppose 102 = 3*a + p. List the prime factors of a.
2, 3, 5
Let a be (7 - 4)/3 + -2. List the prime factors of 58 + 0/(1 + (-3 - a)).
2, 29
Let n(o) be the second derivative of -o**4/12 - 13*o**3/2 + o + 25. What are the prime factors of n(-12)?
2, 3
Let c be -3 - (-2 - -8) - 0. Let w be (-3)/(-2)*12/c. Let j = w + 25. List the prime factors of j.
23
Suppose -18492 = -26*p - 4140. What are the prime factors of p?
2, 3, 23
Let b = 183 + -73. What are the prime factors of b?
2, 5, 11
Let a(p) = -2*p - 6. Let j be a(-5). Suppose j*o - 206 = -3*u - 0*u, 2*o - 70 = -u. What are the prime factors of u?
2, 3, 11
Suppose 0 = 34*n - 28*n - 3312. What are the prime factors of n?
2, 3, 23
Let i be ((-85)/(-15))/(3/9). Let j = i + -9. Suppose 417 = j*h - 47. What are the prime factors of h?
2, 29
Suppose u + 4*p + 3 = -5, -10 = 3*u + 5*p. Let b(m) = m**2 - 5*m - 2. Let k be b(6). Suppose u = -4*n - k*j + 80 - 4, 39 = 2*n + j. List the prime factors of n.
2, 5
List the prime factors of 895/(-2)*5*8/(-10).
2, 5, 179
Let i(x) = -3*x**3 - 7*x**3 + 9*x**3 + 2*x - x**2 + 40. List the prime factors of i(0).
2, 5
Let r = -1557 + 2262. What are the pri